of 1190535878.
2, 7, 85038277
What are the prime factors of 3040875935?
5, 17, 43, 127, 6551
What are the prime factors of 47771960?
2, 5, 157, 7607
What are the prime factors of 30898419?
3, 71, 145063
List the prime factors of 81861730.
2, 5, 167, 49019
What are the prime factors of 67872802?
2, 661, 51341
What are the prime factors of 90263080?
2, 5, 29, 77813
List the prime factors of 428839624.
2, 53604953
List the prime factors of 173379306.
2, 3, 197, 146683
List the prime factors of 3194923808.
2, 317, 314957
What are the prime factors of 1337766833?
13, 151, 661, 1031
List the prime factors of 2693051953.
53, 50812301
List the prime factors of 503362188.
2, 3, 7, 221941
What are the prime factors of 58203558?
2, 3, 7, 461933
List the prime factors of 646511269.
646511269
What are the prime factors of 630584291?
3253, 193847
List the prime factors of 3868971485.
5, 10957, 70621
What are the prime factors of 23355807?
3, 17, 19, 24103
List the prime factors of 119774418.
2, 3, 17, 1174259
List the prime factors of 1211989670.
2, 5, 17, 19, 103, 3643
List the prime factors of 4429606.
2, 547, 4049
What are the prime factors of 353894358?
2, 3, 673, 87641
List the prime factors of 185397450.
2, 3, 5, 7, 317, 557
What are the prime factors of 25473618?
2, 3, 661, 2141
List the prime factors of 3940343240.
2, 5, 443, 222367
What are the prime factors of 248480723?
248480723
List the prime factors of 627765151.
13, 23, 2099549
What are the prime factors of 40968898?
2, 499, 41051
List the prime factors of 25399645.
5, 307, 16547
What are the prime factors of 48230481?
3, 13, 863, 1433
List the prime factors of 2950546015.
5, 4603, 128201
List the prime factors of 87546709.
8527, 10267
What are the prime factors of 2985441357?
3, 24413, 40763
What are the prime factors of 754797433?
13, 17, 53, 4957
What are the prime factors of 3332333295?
3, 5, 74051851
List the prime factors of 177244371.
3, 23, 191, 4483
List the prime factors of 1824180858.
2, 3, 397, 85091
What are the prime factors of 236282120?
2, 5, 547, 10799
What are the prime factors of 36802303?
163, 225781
What are the prime factors of 388683425?
5, 13, 31, 173, 223
List the prime factors of 74966008.
2, 13, 113, 6379
What are the prime factors of 3166787893?
19, 83, 199, 10091
List the prime factors of 12791048.
2, 37, 79, 547
List the prime factors of 115561891.
157, 736063
List the prime factors of 5061147460.
2, 5, 253057373
What are the prime factors of 120384395?
5, 17, 83311
List the prime factors of 62277303.
3, 11, 47, 40153
List the prime factors of 205041747.
3, 191, 357839
List the prime factors of 391201799.
1163, 336373
List the prime factors of 2857224440.
2, 5, 7, 43, 307, 773
What are the prime factors of 6035731460?
2, 5, 11, 193, 142151
List the prime factors of 74746600.
2, 5, 337, 1109
What are the prime factors of 2708080847?
2221, 1219307
What are the prime factors of 108606290?
2, 5, 13, 103, 8111
List the prime factors of 194879841.
3, 13, 4996919
List the prime factors of 3304148208.
2, 3, 43, 59, 631
List the prime factors of 480254673.
3, 179, 894329
What are the prime factors of 100779385?
5, 7, 2879411
What are the prime factors of 146618886?
2, 3, 151, 161831
List the prime factors of 1012981539.
3, 337660513
List the prime factors of 336802580.
2, 5, 149, 113021
List the prime factors of 56375968.
2, 11, 160159
What are the prime factors of 7092253070?
2, 5, 7, 101317901
List the prime factors of 4392457430.
2, 5, 19, 23, 271, 3709
What are the prime factors of 156778002?
2, 3, 29, 157, 1913
List the prime factors of 4209513806.
2, 127, 16572889
List the prime factors of 31148766.
2, 3, 11, 41, 1279
What are the prime factors of 7960053?
3, 2653351
What are the prime factors of 315197436?
2, 3, 463, 56731
List the prime factors of 783069784.
2, 7, 353, 5659
List the prime factors of 177255660.
2, 3, 5, 307, 9623
List the prime factors of 61732478.
2, 727, 42457
What are the prime factors of 600464327?
17, 31, 547, 2083
What are the prime factors of 2542822603?
2542822603
What are the prime factors of 450756046?
2, 13, 167, 103813
List the prime factors of 51923623.
53, 979691
List the prime factors of 6375725.
5, 181, 1409
List the prime factors of 7053480.
2, 3, 5, 7, 311
List the prime factors of 140087854.
2, 17, 4120231
List the prime factors of 52065981.
3, 11, 53, 9923
List the prime factors of 134320625.
5, 214913
What are the prime factors of 674430040?
2, 5, 67, 251653
What are the prime factors of 92635837?
7, 13233691
List the prime factors of 632298027.
3, 163, 317, 4079
What are the prime factors of 879438550?
2, 5, 17588771
What are the prime factors of 36965236?
2, 7, 11, 120017
What are the prime factors of 101625919?
101625919
List the prime factors of 4703276804.
2, 59, 19929139
List the prime factors of 63796652.
2, 229, 257, 271
List the prime factors of 787580678.
2, 393790339
What are the prime factors of 184194954?
2, 3, 37, 193, 1433
List the prime factors of 99720858.
2, 3, 16620143
List the prime factors of 2949622896.
2, 3, 11, 1583, 3529
List the prime factors of 964082004.
2, 3, 80340167
What are the prime factors of 572249481?
3, 190749827
List the prime factors of 177928638.
2, 3, 281, 105533
What are the prime factors of 22150371?
3, 17, 19, 22859
List the prime factors of 28178693.
71, 396883
List the prime factors of 49036257.
3, 59, 92347
What are the prime factors of 36200375?
5, 289603
What are the prime factors of 46378726?
2, 23189363
What are the prime factors of 49195044?
2, 3, 1366529
What are the prime factors of 3862537755?
3, 5, 2011, 128047
List the prime factors of 3167193345.
3, 5, 53, 79, 211, 239
What are the prime factors of 135193969?
29, 83, 56167
What are the prime factors of 8429218211?
8429218211
What are the prime factors of 578993567?
1733, 334099
What are the prime factors of 257133453?
3, 85711151
What are the prime factors of 6324481886?
2, 151, 20941993
List the prime factors of 19316836.
2, 7, 11, 59, 1063
List the prime factors of 3015786991.
7, 61, 977, 7229
What are the prime factors of 61141857?
3, 7, 415931
What are the prime factors of 3390183?
3, 376687
What are the prime factors of 122854121?
13, 17, 29, 661
What are the prime factors of 115834022?
2, 17, 67, 50849
List the prime factors of 7487067.
3, 7, 79, 4513
What are the prime factors of 91452576?
2, 3, 859, 1109
What are the prime factors of 58209429?
3, 19403143
List the prime factors of 3534699329.
7, 31, 2326991
List the prime factors of 4002955959.
3, 1334318653
What are the prime factors of 58401965?
5, 47, 257, 967
What are the prime factors of 2112488664?
2, 3, 11, 13, 5087
What are the prime factors of 263132700?
2, 3, 5, 877109
What are the prime factors of 76331328?
2, 3, 179, 2221
What are the prime factors of 189449562?
2, 3, 31574927
What are the prime factors of 87864573?
3, 47, 109, 5717
List the prime factors of 73221019.
373, 196303
What are the prime factors of 177037584?
2, 3, 67, 55049
What are the prime factors of 2380786750?
2, 5, 1499, 6353
List the prime factors of 994517456.
2, 19, 172181
What are the prime factors of 750079820?
2, 5, 7, 5357713
What are the prime factors of 144342005?
5, 1423, 20287
What are the prime factors of 761096520?
2, 3, 5, 704719
List the prime factors of 9713425.
5, 37, 10501
List the prime factors of 1415292187.
281, 5036627
What are the prime factors of 31988054?
2, 7, 37, 1669
What are the prime factors of 450666064?
2, 28166629
List the prime factors of 336785403.
3, 653, 171917
What are the prime factors of 1195181645?
5, 7, 863, 39569
What are the prime factors of 5262283?
13, 83, 4877
What are the prime factors of 232769286?
2, 3, 47, 503, 547
List the prime factors of 60763516.
2, 11, 23, 97, 619
What are the prime factors of 1754318135?
5, 350863627
List the prime factors of 510320163.
3, 29, 127, 46187
List the prime factors of 663803038.
2, 19, 41, 426061
List the prime factors of 3661955702.
2, 173, 10583687
List the prime factors of 61118503.
1319, 46337
What are the prime factors of 196861092?
2, 3, 16405091
List the prime factors of 124397151.
3, 43, 229, 4211
List the prime factors of 3483439607.
3483439607
List the prime factors of 266319604.
2, 6